 - 264 - 212 = -3*j, -4*j - 5*b = -631. List the prime factors of j.
3, 53
Let a(h) = 3*h**2 + 14*h + 10. What are the prime factors of a(14)?
2, 397
Suppose -590 = -4*i - 3*q, -4*i + 6*i - 286 = 3*q. Let p = i + 15. What are the prime factors of p?
7, 23
Let t = 20 - 19. Let m(z) = 62*z**3 + z**2 - 2*z + 1. What are the prime factors of m(t)?
2, 31
Let w be 0 + -1 - (-11 + 7). Suppose w*h - t = 174 + 56, -2*h + 144 = -3*t. What are the prime factors of h?
2, 3, 13
Suppose 4*i - 16 = 0, 8*d - 4*d - 88 = -2*i. What are the prime factors of (16/(-20))/((-8)/d)?
2
Suppose -t + 5 = -2*t, 2*g + 4*t + 28 = 0. Let n = 16 - g. What are the prime factors of n?
2, 5
What are the prime factors of (-3684)/(-10) - 0 - 22/55?
2, 23
Let q(h) be the first derivative of 2*h**3/3 - h**2 - 2. Let l be q(3). Let o = l + -10. List the prime factors of o.
2
Let z = -2675 + 4434. What are the prime factors of z?
1759
Let l(s) = 5*s**2 - 24*s. What are the prime factors of l(20)?
2, 5, 19
Let k be -3 - 2/(-8)*-4. What are the prime factors of k/(-3) + (-248)/(-12)?
2, 11
Let b be (3/(-6))/(2/(-16)). Suppose -b*w - w + 450 = 0. Suppose -5*s + w = -30. What are the prime factors of s?
2, 3
Let t(g) = -1296*g + 20. What are the prime factors of t(-1)?
2, 7, 47
Suppose -4*c - 2*q = -4, -c + 3*q + 4 = 17. Let t be 25/(-20) - c/4. List the prime factors of (-5)/((t - -2)*-1).
5
Suppose 47*j = 24*j + 90988. What are the prime factors of j?
2, 23, 43
What are the prime factors of 274888/64 + 3/(-24)?
5, 859
Let q(p) = 30*p + 8. Let v = 80 - 77. What are the prime factors of q(v)?
2, 7
Suppose -687 = -2*j + 1249. List the prime factors of j.
2, 11
Suppose -3*g + 2*r = r - 1105, 3*r - 1495 = -4*g. Let z = -229 + g. List the prime factors of z.
3, 47
Let h = -10 + 11. Suppose 5*n + x = 7 - 1, -x = -2*n + h. Suppose 6 = 3*a, 4*a - n - 52 = -3*l. What are the prime factors of l?
3, 5
Suppose -27*s + 72900 = 24678. List the prime factors of s.
2, 19, 47
Let z = 1489 + -861. What are the prime factors of z?
2, 157
Let d be ((-3)/(-3))/(7/(-154)). Let m = d - -83. List the prime factors of m.
61
Let m(f) = 3*f**2 + 6*f + 8. What are the prime factors of m(28)?
2, 79
Suppose -18*j = -28*j + 30230. What are the prime factors of j?
3023
Let q(g) = -5*g + 16. Let l be q(-7). Suppose 0 = 5*x - 4*x - l. What are the prime factors of x?
3, 17
Suppose -6*f + 6750 = 4*f. What are the prime factors of f?
3, 5
Let n(v) = -v**3 - 11*v**2 - 12*v - 18. Let j be n(-10). Suppose -t = -2*m - 4*t + 98, -j*t + 188 = 4*m. List the prime factors of m.
2, 23
Let k(u) = -u**2 - u - 1. Let l(s) = 3*s**2 - 4*s - 2. Let h(c) = -5*k(c) + l(c). What are the prime factors of h(4)?
3, 5
Let c be (-208)/4 - (1 - -1). Let d = c - -129. List the prime factors of d.
3, 5
List the prime factors of (-159)/4*(-2128)/42.
2, 19, 53
Let t(g) = 15*g**2 - 2*g + 1. Let p be t(1). Suppose n - p = -o, -4*o - 2*n + 5*n = -21. List the prime factors of o.
3
Suppose -1752 = -2*c - 2*x, 5*c = 4*c + 3*x + 880. What are the prime factors of c?
877
Suppose u - 3*u + 22 = 0. What are the prime factors of (-20)/(5 - 0) + u?
7
What are the prime factors of ((-40)/52)/5 - (-35838)/234?
3, 17
Suppose 16 = -4*p, n + 5*p - 3 = -23. Suppose 4*o - s - 31 = n, 0*o = -3*o + 5*s + 2. Suppose 0 = -2*l + o + 29. List the prime factors of l.
19
Let v be (-6)/((-24)/(-212))*-3. Suppose -10*p + 1739 - v = 0. What are the prime factors of p?
2, 79
Let m be 2*1 - (4 + -5). Suppose j - 5*u + 17 = 0, -57 = -4*j - m*u - 2*u. List the prime factors of j.
2
Let w(c) = c**3 - 10*c**2 + c - 10. Let g(i) = -i + 19. Let d be g(9). Let l be w(d). List the prime factors of ((-38)/2)/(l - 1).
19
Let g(h) = -5*h - 4. Let w be g(-2). Suppose 0 = -3*o + w*o - 651. What are the prime factors of o?
7, 31
Suppose -18669 = -5*p - 16*p. List the prime factors of p.
7, 127
Suppose 49*s = 45*s + 3800. List the prime factors of s.
2, 5, 19
List the prime factors of (-904)/12*18/(-12).
113
Let j(o) = -562*o - 42. List the prime factors of j(-3).
2, 3, 137
Suppose 4*u = 5*i + 1214, -413 + 1613 = 4*u + 2*i. List the prime factors of u.
7, 43
Let a(c) = 2*c**3 + 2*c**2 - 7*c + 3. List the prime factors of a(5).
2, 67
Suppose 4*y + 3*c = 9365, 0 = 3*y + 3*c - 2126 - 4897. List the prime factors of y.
2, 1171
Let l(t) = 2*t**2 + 3*t + 4459. What are the prime factors of l(0)?
7, 13
Suppose 2*j - 180 = 2*a - 62, 108 = 2*j - 4*a. What are the prime factors of j?
2
Let a = -112 - -183. Let t = 155 - a. List the prime factors of t.
2, 3, 7
Suppose 0*f + 2*f - 10 = 0. Suppose 0 = -f*j - 4*y - 6 + 4, 5*y - 6 = -2*j. List the prime factors of 1*-66*1/j.
3, 11
Let b = -153 - -162. Let m(s) = s**3 - 10*s**2 + 17*s + 12. What are the prime factors of m(b)?
2, 3, 7
Let s(v) = -5*v**3 + v**2 - 10*v - 10. What are the prime factors of s(-5)?
2, 3, 5, 23
Suppose 66*s + 10373 = 44627. List the prime factors of s.
3, 173
Let t(k) = 6*k**3 + k**2 + k - 4. Let c be t(2). Suppose 3*l - c = -2*l. What are the prime factors of l?
2, 5
Suppose -o - 17*o = 54. Let u = 109 - o. List the prime factors of u.
2, 7
Suppose g = -48 + 416. What are the prime factors of g?
2, 23
Suppose 2*j - 6 = 0, 2*j + 6 = 5*r + 17. Let h be 58/(-5) - 2/5. Let s = r - h. What are the prime factors of s?
11
Let o(b) = 6*b - 227*b**3 + 22 + 11*b**2 + 2*b + b + 226*b**3. List the prime factors of o(11).
11
Suppose -4372 = -6*c + 6428. What are the prime factors of c?
2, 3, 5
Let q(w) = -5*w**3 + 15*w - 3*w**2 - 2 - 12*w + 6*w**2. What are the prime factors of q(-2)?
2, 11
Let i = 337 + -49. Suppose -t - 7*t = -i. What are the prime factors of t?
2, 3
Suppose 0 = 3*m - 12 + 3. Let g = 256 - 253. Suppose g*c + 55 = 4*r - 68, 56 = m*r + 5*c. What are the prime factors of r?
3
Let m(j) be the first derivative of j**4/4 + 10*j**3/3 - 15*j**2/2 + 7*j + 1. What are the prime factors of m(-11)?
3, 17
Suppose -3*r - 2*c - 6 = 0, 5*r + c - 2*c = 3. Suppose s = -4*m + 6 + 181, 4*s - 5*m - 643 = r. List the prime factors of s.
167
Let x = 1397 - 758. What are the prime factors of x?
3, 71
Let h = -1025 - -1478. List the prime factors of h.
3, 151
Let i = -150 + 272. Suppose 2 + i = 5*f - 4*g, -4*f = 4*g - 128. List the prime factors of f.
2, 7
Let c = -5 + 0. Let x be 6/c*(-130)/(-39). What are the prime factors of (444/18)/(x/(-6))?
37
Suppose -x = -4*d - 563, 4*d = -9*x + 13*x - 2300. List the prime factors of x.
3, 193
Let h(s) = s**2 + 30*s + 31. Let p be h(-29). Suppose -63 - 317 = -p*k. What are the prime factors of k?
2, 5, 19
Suppose 31*t + 1878 = 42488. What are the prime factors of t?
2, 5, 131
Suppose -26*v + 22*v = 16. Let y be (-6 + v)/(-1) + -1. Let u(j) = -j**3 + 9*j**2 + 7*j - 22. List the prime factors of u(y).
41
Let l = -990 - -1998. List the prime factors of l.
2, 3, 7
Suppose 0 = -2*j, 2*b + 744 = 5*b + 4*j. Suppose 0 = -6*n + b - 14. What are the prime factors of n?
3, 13
Let i(k) = k**3 - 4*k**2 - 5*k + 4. Let x be i(5). List the prime factors of ((-102)/15)/(1/((-20)/x)).
2, 17
Let m(x) = x**2 + 10*x + 10. Let c be m(-8). Let n(i) = i**3 + 6*i**2 - 8*i - 13. List the prime factors of n(c).
5, 7
Let y(d) = 13*d**2 - 13*d + 12. Let o be y(8). Suppose 23*s = 27*s - o. What are the prime factors of s?
5, 37
Suppose f + 5 - 8 = 0. What are the prime factors of (43 - 3)*(3/f + 3)?
2, 5
What are the prime factors of 10/2 + (-5 - -834)?
2, 3, 139
Let o = -5 + 5. Suppose 5*d + o*d - 59 = -2*a, -5*d + 3*a + 49 = 0. Suppose 0 = -10*s + d*s - 14. List the prime factors of s.
2, 7
Let k = -868 + 1236. Let a = 219 - k. Let w = a - -220. What are the prime factors of w?
71
Suppose 0*j + 1225 = 7*j. Let f = j - 104. What are the prime factors of f?
71
Let x(r) = r**3 + 11*r**2 + 19*r + 9. Let j be x(-9). Suppose -3*d - 5*z + 239 = j, 0 = 2*d - z - 2 - 166. What are the prime factors of d?
83
Let z = -134 - -194. Suppose z*h = 55*h + 15. List the prime factors of h.
3
Let x = -32 + 36. Suppose -73 = -x*y - y - 2*k, -5*k + 20 = 0. What are the prime factors of y?
13
Suppose -4*k - 5*y = -545, -51*y + 569 = 4*k - 54*y. List the prime factors of k.
2, 5, 7
Suppose 50*q = 47*q + 945. What are the prime factors of q?
3, 5, 7
Suppose 2*a - 33 = -a. Let s(x) = x**2 - 12*x + 12. Let g be s(a). What are the prime factors of 16/4 + 49/g?